{"id":2,"date":"2020-10-22T15:19:45","date_gmt":"2020-10-22T15:19:45","guid":{"rendered":"https:\/\/helex.fi\/?page_id=2"},"modified":"2023-10-02T15:57:34","modified_gmt":"2023-10-02T12:57:34","slug":"sample-page","status":"publish","type":"page","link":"https:\/\/helex.fi\/index.php\/sample-page\/","title":{"rendered":"Yhteystiedot"},"content":{"rendered":"\n<p>Helsingin Express Oy<br>Viinikankaari 15<br>01530&nbsp;&nbsp;VANTAA<\/p>\n\n\n\n<p>Y-tunnus 0638603-9<\/p>\n\n\n\n<p>helex@helex.fi<\/p>\n\n\n\n<p>VAT FI06386039 <\/p>\n\n\n\n<p><\/p>\n\n\n\n<p>&#8211;<\/p>\n\n\n\n<p><\/p>\n\n\n\n<p>Jukka Siili<br>Toimitusjohtaja<br>+358 400 661 070<\/p>\n\n\n\n<p>jukka.siili@helex.fi<\/p>\n\n\n\n<p style=\"font-size:1px\"><\/p>\n\n\n\n<p>&#8212;<\/p>\n\n\n\n<p>Verkkolaskuosoite 003706386039<br>V\u00e4litt\u00e4j\u00e4 003708599126 (OpenText)<\/p>\n\n\n\n<p>S\u00e4hk\u00f6postilaskut: Fennoa.502931@erin.posti.com<\/p>\n\n\n\n<p><\/p>\n","protected":false},"excerpt":{"rendered":"<p>Helsingin Express OyViinikankaari 1501530&nbsp;&nbsp;VANTAA Y-tunnus 0638603-9 helex@helex.fi VAT FI06386039 &#8211; Jukka SiiliToimitusjohtaja+358 400 661 070 jukka.siili@helex.fi &#8212; Verkkolaskuosoite 003706386039V\u00e4litt\u00e4j\u00e4 003708599126 (OpenText) S\u00e4hk\u00f6postilaskut: Fennoa.502931@erin.posti.com<\/p>\n","protected":false},"author":1,"featured_media":0,"parent":0,"menu_order":0,"comment_status":"closed","ping_status":"open","template":"","meta":{"footnotes":""},"class_list":["post-2","page","type-page","status-publish","hentry"],"_links":{"self":[{"href":"https:\/\/helex.fi\/index.php\/wp-json\/wp\/v2\/pages\/2","targetHints":{"allow":["GET"]}}],"collection":[{"href":"https:\/\/helex.fi\/index.php\/wp-json\/wp\/v2\/pages"}],"about":[{"href":"https:\/\/helex.fi\/index.php\/wp-json\/wp\/v2\/types\/page"}],"author":[{"embeddable":true,"href":"https:\/\/helex.fi\/index.php\/wp-json\/wp\/v2\/users\/1"}],"replies":[{"embeddable":true,"href":"https:\/\/helex.fi\/index.php\/wp-json\/wp\/v2\/comments?post=2"}],"version-history":[{"count":15,"href":"https:\/\/helex.fi\/index.php\/wp-json\/wp\/v2\/pages\/2\/revisions"}],"predecessor-version":[{"id":154,"href":"https:\/\/helex.fi\/index.php\/wp-json\/wp\/v2\/pages\/2\/revisions\/154"}],"wp:attachment":[{"href":"https:\/\/helex.fi\/index.php\/wp-json\/wp\/v2\/media?parent=2"}],"curies":[{"name":"wp","href":"https:\/\/api.w.org\/{rel}","templated":true}]}}